. Calculate the highest common factor of 15 and u.
15
Let i(o) = -o**2 + o + 33. Let a be i(0). Let h be 20/6 + (-40)/120. What is the greatest common factor of h and a?
3
Let f = -14 - -102. Suppose -61 = -4*z - 3*s, -5*z + 4*s = -z - 96. Let l = 27 - z. Calculate the greatest common factor of l and f.
8
Suppose 3 + 3 = -2*d - 4*u, d + 3*u + 7 = 0. Suppose -d*o - 14*o = -76. Calculate the greatest common divisor of o and 4.
4
Suppose -34 = -3*j - 7. Suppose j*y - 13 = 50. What is the greatest common factor of y and 7?
7
Let i(l) = 3*l**2 + 30*l + 272. Let b be i(-8). Calculate the greatest common factor of 14 and b.
14
Let o = 9 - 5. Suppose -s + 20 = 4*u, -5*s = -u - 4 + 9. Suppose -7 = -q - l + 21, 0 = o*q + u*l - 110. What is the highest common factor of 3 and q?
3
Let q = -18 + 20. Suppose -q*s + 929 = g, -s - 3*g = -6*s + 2295. What is the greatest common factor of s and 42?
42
Let t be (-460)/(-16) - 56/32. Calculate the greatest common factor of t and 27.
27
Let d = -93 + 38. Let b = -41 - d. What is the highest common divisor of 112 and b?
14
Suppose 4*u - 10 = -u. Suppose u*d = -3 + 11. Suppose 5*q - 5*z = 22 + 8, d*q - 42 = -5*z. Calculate the highest common divisor of 72 and q.
8
Suppose 30 = -i + 2. Let u be 6/(-21) + (-64)/i. Let t be u - ((-3)/(-1) + -3). What is the highest common factor of 4 and t?
2
Suppose 0*m + 800 = 5*m - 5*z, 5*m + z - 824 = 0. Suppose 3*n - 4*l = 155 - 52, -15 = -3*l. What is the highest common divisor of n and m?
41
Suppose 0 = -5*i + 4*d + 495, -5*i - 11*d + 9*d = -495. What is the greatest common factor of 66 and i?
33
Let w be ((-2088)/(-27))/((-4)/(-6)). Calculate the highest common factor of 174 and w.
58
Let h = -6 + -26. Let q be -1 - -22 - -3*h/(-24). Calculate the greatest common factor of q and 5.
5
Suppose -u + 63 = -48. Suppose -5*g + 4*z = -u, -z - 99 = g - 6*g. Let a = 87 - 49. What is the highest common factor of g and a?
19
Suppose 28 = -l + 10. Let m be (-14)/(-63) + 4/l. Suppose -3*j = w - 7 - 16, -3*j + 3 = m. What is the greatest common divisor of w and 20?
20
Suppose -l = -u - 27, -9*l + 63 = -6*l + 3*u. Calculate the highest common factor of 1002 and l.
6
Let w be 20812/110 - (22/10 + -2). Calculate the greatest common divisor of 35 and w.
7
Let j be (-4)/(-14) - 38/(-14). Let f be -3*(-552)/9 + (-2 - 0). Suppose -74 = j*g - f. Calculate the highest common factor of 24 and g.
12
Let p = -344 + 509. Suppose -8*y = -3*y - p. Calculate the greatest common factor of 22 and y.
11
Suppose 8*g = 3*g - 120. Let q = -15 - g. What is the highest common divisor of q and 72?
9
Let p(n) = 3*n - 7. Let j be p(5). Let q be 6*3*(-40)/135*-6. What is the highest common factor of j and q?
8
Let m be (-4)/(-6)*(52 + 5). Suppose 5*j - 37 = m. Suppose 4*c - j = c. What is the highest common factor of 25 and c?
5
Suppose -3*h = -3 - 24. Suppose 14*s - 690 = h*s. Suppose -a + s = j, -4*a - 5*j - 121 + 675 = 0. What is the greatest common factor of 17 and a?
17
Suppose 6 = m - 27. What is the highest common factor of 759 and m?
33
Suppose -c = -4*j + 60, 3*c + 5*j = 4*c + 64. Let p = c + 47. Let y be (-106)/(-9) - (-2)/9. What is the highest common factor of p and y?
3
Let u be ((858/(-8))/11)/(9/(-12)). What is the greatest common factor of 52 and u?
13
Let x(k) = -2*k - 9. Let h be x(-7). Suppose -h*n + 35 = -3*m, -3*n + 4*m = -n - 14. Suppose n = 5*s - 3. Calculate the highest common divisor of 2 and s.
2
Let r = 5203 - 5198. Let m be 17/5 - 2/5. Let z be (m/3)/(1 + 0). Calculate the greatest common factor of r and z.
1
Let z(r) be the second derivative of 10*r**3/3 + 5*r. Let o be z(-1). Let s be (-8)/(-20)*5 - o. What is the highest common divisor of s and 2?
2
Let g = 446 - 318. Calculate the greatest common divisor of 8 and g.
8
Suppose -m = 3*m - 4*t - 28, 3*m + 5*t = 21. Let j be -2 - 6 - (3 - m). Let o = j - -10. Calculate the greatest common divisor of o and 6.
6
Let r be (2 + 0)*1 + (-2 - -60). Suppose -z + 17*a + 7 = 13*a, 0 = 4*a - 8. Calculate the highest common divisor of r and z.
15
Let u = -578 - -686. Calculate the highest common divisor of 594 and u.
54
Let d(v) = 17*v + 286. Let x be d(-9). Calculate the highest common divisor of 171 and x.
19
Suppose -2*y = -10 - 6. Let p be ((-10)/y - 0)*-4. Suppose 0 = -c + 3*c + p*d - 34, 0 = -2*d. Calculate the greatest common factor of c and 17.
17
Suppose -240 = 27*p - 33*p. What is the highest common factor of p and 30?
10
Suppose -5*p - 112 = -3*x, 0*p + 152 = 4*x - 4*p. Calculate the highest common factor of x and 26.
13
Let g = -250 + 450. Calculate the highest common factor of 40 and g.
40
Suppose 2*t - 5*t = 13 - 31. Suppose -2*y - 2*y = -5*v + 140, -5*v - 3*y = -105. What is the highest common divisor of t and v?
6
Let y be (2/2)/((-3)/(-9)). Suppose 0 = y*z, z + z - 30 = -i. Let j = 22754 - 22664. What is the greatest common divisor of i and j?
30
Let c(r) = 3*r + 1. Suppose -2 + 1 = -2*q + l, 0 = 4*l - 20. Let x be c(q). What is the greatest common factor of 50 and x?
10
Let t be 258 - (-2)/((-8)/12). Calculate the greatest common divisor of 102 and t.
51
Let v = -24 - -24. Suppose v = 9*p - 10*p + 70. What is the highest common divisor of 14 and p?
14
Let x = -19 - -27. Suppose -5*i + 105 = 3*j, -5*i - x - 27 = -j. Calculate the highest common factor of j and 5.
5
Let s be (172/(-36) - 10/45) + 329. Calculate the highest common factor of s and 36.
36
Let i = 405 + -288. What is the greatest common divisor of i and 13?
13
Suppose -156 = -115*p + 102*p. Calculate the greatest common factor of 196 and p.
4
Let h = -8246 - -8334. Let s(d) = -2*d**2 - 9*d - 3. Let a be s(-6). Let b = a - -29. What is the greatest common divisor of b and h?
8
Suppose -9*k + 45 = -6*k. Suppose -j + 22 = k. Suppose j*t - 288 = 3*t. What is the highest common divisor of t and 8?
8
Let p = -111 + 156. Let o(s) = -s**2 + 12*s + 17. Let f be o(13). Let j be 15/(-3)*-1 + f. Calculate the greatest common factor of p and j.
9
Suppose 11*a = -12*a + 1610. Calculate the highest common factor of a and 2240.
70
Suppose 14*r - 10*r - 20 = 0. Suppose 0*z - 15 = r*z. Let f be (-14)/4*z*8. What is the highest common factor of f and 21?
21
Suppose -7*u + 2030 = -2*u. Suppose u = 5*d - 44. Suppose 4*o + d = 9*o. What is the highest common factor of o and 144?
18
Let q be (4 + 4 + -3010)/(-2). Calculate the greatest common factor of 38 and q.
19
Let y be 15/(-4) + (-4)/16. Let r = y + -19. Let h = -9 - r. Calculate the greatest common factor of 14 and h.
14
Let y = 265 + 182. Suppose -140 + 619 = 3*g + 5*v, -3*v - y = -3*g. What is the highest common divisor of g and 17?
17
Suppose 111 = -7*k - 8. Let y = 87 + k. What is the highest common factor of 14 and y?
14
Let g be 1757/5 - ((-240)/25 - -10). Calculate the greatest common divisor of g and 13.
13
Let f = -30 - -48. Let v be 4/(-3)*(-189)/f. Suppose -380 = -5*l + 2*l - j, -l = 5*j - 136. Calculate the highest common divisor of l and v.
14
Suppose -4*l + 3*l = -114. Suppose -5*o + l + 6 = 0. What is the greatest common divisor of o and 240?
24
Let v be (-2440)/(-140) + (-4)/(-7). Suppose -4*b - v = -6*b. What is the highest common factor of b and 27?
9
Suppose 7*h + 706 = 2442. What is the greatest common divisor of h and 31?
31
Let r(a) = -a**2 - 11*a + 31. Let h be r(-13). Suppose -h*j - 92 = -3*x, 0 = x - 2*j - 41 + 9. Calculate the highest common divisor of 144 and x.
24
Let d(j) = j**3 + 7*j**2 + 4*j - 10. Let z be d(4). Calculate the greatest common divisor of z and 39.
13
Let g(u) = u**2 + u + 25. Let o be g(-11). Calculate the highest common divisor of o and 108.
27
Suppose -2*c + y = -2*y - 507, 3*c + 2*y = 780. Let v = c + -137. What is the greatest common divisor of 11 and v?
11
Let r(k) = -k**3 + 9*k**2 - 14*k - 17. Let n be r(11). Let p = -245 - n. Calculate the highest common divisor of 42 and p.
42
Suppose 10*m - 13*m - 117 = 0. Let b = 101 - m. Calculate the highest common divisor of b and 28.
28
Suppose 4*q + q = 100. Let m be (-24460)/(-220) + 2/(-11). Let k = 291 - m. What is the greatest common divisor of k and q?
20
Suppose 151*a - 29952 = 119*a. Calculate the greatest common factor of 585 and a.
117
Suppose -2*v + 305 - 95 = 0. Suppose -4*g = -4*u + 48, -5*g - 2 = 3*u - 62. Calculate the highest c